{"id":14,"date":"2010-04-21T00:13:53","date_gmt":"2010-04-20T21:13:53","guid":{"rendered":"http:\/\/bbl.digitalwords.net\/?page_id=14"},"modified":"2010-07-01T23:55:39","modified_gmt":"2010-07-01T20:55:39","slug":"1","status":"publish","type":"page","link":"https:\/\/bbl.digitalwords.net\/?page_id=14","title":{"rendered":"\u00d7\u00a9\u00d7\u2022\u00d7\u00a0\u00d7\u2022\u00d7\u00aa"},"content":{"rendered":"<ul>\n<li><a href=\"?page_id=15\">\u00d7\u00a9\u00d7\u00a4\u00d7\u2022\u00d7\u00aa\u00d6\u00be\u00d7\u201d\u00d7\u017e\u00d7\u00a7\u00d7\u2022\u00d7\u00a8<\/a> \u00d7\u00a9\u00d7\u00aa\u00d7\u2022\u00d7\u00a8\u00d7\u2019\u00d7\u017e\u00d7\u2022 \u00d7\u2022\u00d7\u00a2\u00d7\u00aa\u00d7\u2122\u00d7\u201c\u00d7\u2122\u00d7\u009d \u00d7\u0153\u00d7\u201d\u00d7\u2122\u00d7\u2022\u00d7\u00aa \u00d7\u017e\u00d7\u00aa\u00d7\u2022\u00d7\u00a8\u00d7\u2019\u00d7\u017e\u00d7\u2122\u00d7\u009d \u00d7\u017e\u00d7\u201d\u00d7\u0178 \u00d7\u02dc\u00d7\u00a7\u00d7\u00a1\u00d7\u02dc\u00d7\u2122\u00d7\u009d \u00d7\u0153\u00d7\u2018\u00d7\u2018\u00d7\u0153<\/li>\n<li><a href=\"?page_id=17\">\u00d7\u00a7\u00d7\u2022\u00d7\u0153\u00d7\u2022\u00d7\u00a4\u00d7\u2022\u00d7\u0178<\/a><\/li>\n<\/ul>\n","protected":false},"excerpt":{"rendered":"<p>\u00d7\u00a9\u00d7\u00a4\u00d7\u2022\u00d7\u00aa\u00d6\u00be\u00d7\u201d\u00d7\u017e\u00d7\u00a7\u00d7\u2022\u00d7\u00a8 \u00d7\u00a9\u00d7\u00aa\u00d7\u2022\u00d7\u00a8\u00d7\u2019\u00d7\u017e\u00d7\u2022 \u00d7\u2022\u00d7\u00a2\u00d7\u00aa\u00d7\u2122\u00d7\u201c\u00d7\u2122\u00d7\u009d \u00d7\u0153\u00d7\u201d\u00d7\u2122\u00d7\u2022\u00d7\u00aa \u00d7\u017e\u00d7\u00aa\u00d7\u2022\u00d7\u00a8\u00d7\u2019\u00d7\u017e\u00d7\u2122\u00d7\u009d \u00d7\u017e\u00d7\u201d\u00d7\u0178 \u00d7\u02dc\u00d7\u00a7\u00d7\u00a1\u00d7\u02dc\u00d7\u2122\u00d7\u009d \u00d7\u0153\u00d7\u2018\u00d7\u2018\u00d7\u0153 \u00d7\u00a7\u00d7\u2022\u00d7\u0153\u00d7\u2022\u00d7\u00a4\u00d7\u2022\u00d7\u0178<\/p>\n","protected":false},"author":1,"featured_media":0,"parent":0,"menu_order":9,"comment_status":"open","ping_status":"open","template":"","meta":[],"_links":{"self":[{"href":"https:\/\/bbl.digitalwords.net\/index.php?rest_route=\/wp\/v2\/pages\/14"}],"collection":[{"href":"https:\/\/bbl.digitalwords.net\/index.php?rest_route=\/wp\/v2\/pages"}],"about":[{"href":"https:\/\/bbl.digitalwords.net\/index.php?rest_route=\/wp\/v2\/types\/page"}],"author":[{"embeddable":true,"href":"https:\/\/bbl.digitalwords.net\/index.php?rest_route=\/wp\/v2\/users\/1"}],"replies":[{"embeddable":true,"href":"https:\/\/bbl.digitalwords.net\/index.php?rest_route=%2Fwp%2Fv2%2Fcomments&post=14"}],"version-history":[{"count":0,"href":"https:\/\/bbl.digitalwords.net\/index.php?rest_route=\/wp\/v2\/pages\/14\/revisions"}],"wp:attachment":[{"href":"https:\/\/bbl.digitalwords.net\/index.php?rest_route=%2Fwp%2Fv2%2Fmedia&parent=14"}],"curies":[{"name":"wp","href":"https:\/\/api.w.org\/{rel}","templated":true}]}}