{"id":29,"date":"2010-05-19T20:06:07","date_gmt":"2010-05-19T17:06:07","guid":{"rendered":"http:\/\/bbl.digitalwords.net\/?page_id=29"},"modified":"2010-11-15T11:50:24","modified_gmt":"2010-11-15T09:50:24","slug":"%d7%90%d7%95%d7%93%d7%99%d7%95","status":"publish","type":"page","link":"https:\/\/bbl.digitalwords.net\/?page_id=29","title":{"rendered":"\u00d7\u0090\u00d7\u2022\u00d7\u201c\u00d7\u2122\u00d7\u2022"},"content":{"rendered":"<h2>\u00d7\u201d\u00d7\u0090\u00d7\u2013\u00d7\u00a0\u00d7\u201d \u00d7\u0153\u00d7\u201d\u00d7\u00a7\u00d7\u0153\u00d7\u02dc\u00d7\u2022\u00d7\u00aa<\/h2>\n<p>\u00d7\u2018\u00d7\u00a0\u00d7\u2022\u00d7\u00a1\u00d7\u00a3 \u00d7\u0153\u00d7\u00a6\u00d7\u2022\u00d7\u00a8\u00d7\u201d \u00d7\u201d\u00d7\u203a\u00d7\u00aa\u00d7\u2022\u00d7\u2018\u00d7\u201d \u00d7\u00a9\u00d7\u0153\u00d7\u201d\u00d7\u009d, \u00d7\u201d\u00d7\u02dc\u00d7\u00a7\u00d7\u00a1\u00d7\u02dc\u00d7\u2122\u00d7\u009d \u00d7\u00a9\u00d7\u2018\u00d7\u203a\u00d7\u0153 \u00d7\u2019\u00d7\u0153\u00d7\u2122\u00d7\u2022\u00d7\u0178 \u00d7\u017e\u00d7\u2022\u00d7\u00a7\u00d7\u0153\u00d7\u02dc\u00d7\u2122\u00d7\u009d \u00d7\u2018\u00d7\u201d\u00d7\u00a7\u00d7\u00a8\u00d7\u0090\u00d7\u201d \u00d7\u201c\u00d7\u00a8\u00d7\u017e\u00d7\u02dc\u00d7\u2122\u00d7\u00aa. \u00d7\u2013\u00d7\u0090\u00d7\u00aa \u00d7\u0090\u00d7\u2022\u00d7\u017e\u00d7\u00a0\u00d7\u2022\u00d7\u00aa \u00d7\u2122\u00d7\u00a4\u00d7\u201d, \u00d7\u00a9\u00d7\u00a0\u00d7\u2022\u00d7\u00a9\u00d7\u00a7\u00d7\u00aa \u00d7\u0153\u00d7\u00a1\u00d7\u2122\u00d7\u00a4\u00d7\u2022\u00d7\u00a8\u00d6\u00be\u00d7\u00a1\u00d7\u2122\u00d7\u00a4\u00d7\u2022\u00d7\u00a8\u00d7\u2122\u00d7\u009d (<a href=\"http:\/\/en.wikipedia.org\/wiki\/Storytelling\">storytelling<\/a>), \u00d7\u2022\u00d7\u203a\u00d7\u00a9\u00d7\u00a2\u00d7\u2022\u00d7\u00a9\u00d7\u2122\u00d7\u009d \u00d7\u0090\u00d7\u2022\u00d7\u00aa\u00d7\u201d \u00d7\u203a\u00d7\u00a8\u00d7\u0090\u00d7\u2022\u00d7\u2122 (\u00d7\u203a\u00d7\u017e\u00d7\u2022 \u00d7\u2018\u00d7\u201d\u00d7\u00a7\u00d7\u0153\u00d7\u02dc\u00d7\u2022\u00d7\u00aa \u00d7\u0153\u00d7\u017e\u00d7\u02dc\u00d7\u201d) \u00d7\u201d\u00d7\u2122\u00d7\u0090 \u00d7\u017e\u00d7\u2022\u00d7\u00a1\u00d7\u2122\u00d7\u00a4\u00d7\u201d \u00d7\u00aa\u00d7\u2022\u00d7\u00a1\u00d7\u00a4\u00d7\u00aa \u00d7\u2122\u00d7\u2014\u00d7\u2022\u00d7\u201c\u00d7\u2122\u00d7\u00aa, \u00d7\u00a7\u00d7\u00a8\u00d7\u2122\u00d7\u0090\u00d7\u201d (\u00d7\u2018\u00d7\u00a9\u00d7\u00a0\u00d7\u2122 \u00d7\u201d\u00d7\u017e\u00d7\u2022\u00d7\u2018\u00d7\u00a0\u00d7\u2122\u00d7\u009d) \u00d7\u0090\u00d7\u2122\u00d7\u00a9\u00d7\u2122\u00d7\u00aa \u00d7\u00a9\u00d7\u0153 \u00d7\u201d\u00d7\u02dc\u00d7\u00a7\u00d7\u00a1\u00d7\u02dc, \u00d7\u00a9\u00d7\u017e\u00d7\u00a4\u00d7\u00a1\u00d7\u2122\u00d7\u00a7 \u00d7\u0153\u00d7\u201d\u00d7\u2122\u00d7\u2022\u00d7\u00aa \u00d7\u201c\u00d7\u2022\u00d7\u017e\u00d7\u009d.<\/p>\n<p>\u00d7\u201d\u00d7\u201d\u00d7\u00a7\u00d7\u0153\u00d7\u02dc\u00d7\u2022\u00d7\u00aa \u00d7\u2013\u00d7\u017e\u00d7\u2122\u00d7\u00a0\u00d7\u2022\u00d7\u00aa \u00d7\u0153\u00d7\u201d\u00d7\u2022\u00d7\u00a8\u00d7\u201c\u00d7\u201d \u00d7\u2018\u00d7\u00a9\u00d7\u0153\u00d7\u2022\u00d7\u00a9\u00d7\u201d \u00d7\u00a4\u00d7\u2022\u00d7\u00a8\u00d7\u017e\u00d7\u02dc\u00d7\u2122\u00d7\u009d. \u00d7\u0090\u00d7\u2122\u00d7\u0161 \u00d7\u0153\u00d7\u2018\u00d7\u2014\u00d7\u2022\u00d7\u00a8?<br \/>\n\u00d7\u00a4\u00d7\u2022\u00d7\u00a8\u00d7\u017e\u00d7\u02dc <span class=\"keys\">FLAC<\/span> \u00d7\u00a9\u00d7\u2022\u00d7\u017e\u00d7\u00a8 \u00d7\u00a2\u00d7\u0153 \u00d7\u0090\u00d7\u2122\u00d7\u203a\u00d7\u2022\u00d7\u00aa \u00d7\u201d\u00d7\u201d\u00d7\u00a7\u00d7\u0153\u00d7\u02dc\u00d7\u201d \u00d7\u201d\u00d7\u017e\u00d7\u00a7\u00d7\u2022\u00d7\u00a8\u00d7\u2122\u00d7\u00aa (\u00d7\u2018\u00d7\u2022\u00d7\u00a8 \u00d7\u00a1\u00d7\u2022\u00d7\u201c, \u00d7\u00a9\u00d7\u0090\u00d7\u2122\u00d7\u00a0\u00d7\u2022 \u00d7\u017e\u00d7\u0090\u00d7\u2018\u00d7\u201c \u00d7\u2018\u00d7\u2122\u00d7\u02dc). \u00d7\u201d\u00d7\u00a4\u00d7\u2022\u00d7\u00a8\u00d7\u017e\u00d7\u02dc\u00d7\u2122\u00d7\u009d <span class=\"keys\">Vorbis<\/span> \u00d7\u2022\u00d6\u00be<span class=\"keys\">MP3<\/span> \u00d7\u017e\u00d7\u0090\u00d7\u2018\u00d7\u201c\u00d7\u2122\u00d7\u009d \u00d7\u00a7\u00d7\u00a6\u00d7\u00aa \u00d7\u017e\u00d7\u201d\u00d7\u0090\u00d7\u2122\u00d7\u203a\u00d7\u2022\u00d7\u00aa, \u00d7\u203a\u00d7\u00a9\u00d7\u201d\u00d7\u00a8\u00d7\u2022\u00d7\u2022\u00d7\u2014 \u00d7\u201d\u00d7\u2022\u00d7\u0090 \u00d7\u00a7\u00d7\u2018\u00d7\u00a6\u00d7\u2122\u00d7\u009d \u00d7\u00a7\u00d7\u02dc\u00d7\u00a0\u00d7\u2122\u00d7\u009d \u00d7\u2122\u00d7\u2022\u00d7\u00aa\u00d7\u00a8; <span class=\"keys\">Vorbis<\/span> \u00d7\u00a4\u00d7\u00aa\u00d7\u2022\u00d7\u2014 \u00d7\u2022\u00d7\u2014\u00d7\u2022\u00d7\u00a4\u00d7\u00a9\u00d7\u2122 \u00d7\u2022\u00d7\u0153\u00d7\u0090 \u00d7\u017e\u00d7\u2022\u00d7\u2019\u00d7\u0178 \u00d7\u2018\u00d7\u00a4\u00d7\u02dc\u00d7\u00a0\u00d7\u02dc \u00d7\u2022\u00d6\u00be<span class=\"keys\">MP3<\/span> \u00d7\u017e\u00d7\u2022\u00d7\u2019\u00d7\u0178 \u00d7\u2018\u00d7\u00a4\u00d7\u02dc\u00d7\u00a0\u00d7\u02dc, \u00d7\u2022\u00d7\u201d\u00d7\u0090\u00d7\u2122\u00d7\u203a\u00d7\u2022\u00d7\u00aa \u00d7\u00a9\u00d7\u0153\u00d7\u2022 \u00d7\u00a0\u00d7\u017e\u00d7\u2022\u00d7\u203a\u00d7\u201d \u00d7\u2122\u00d7\u2022\u00d7\u00aa\u00d7\u00a8 \u00d7\u2018\u00d7\u201d\u00d7\u00a9\u00d7\u2022\u00d7\u2022\u00d7\u0090\u00d7\u201d \u00d7\u0153\u00d6\u00be<span class=\"keys\">Vorbis<\/span> (\u00d7\u00a2\u00d7\u2018\u00d7\u2022\u00d7\u00a8 \u00d7\u0090\u00d7\u2022\u00d7\u00aa\u00d7\u2022 \u00d7\u2019\u00d7\u2022\u00d7\u201c\u00d7\u0153 \u00d7\u00a9\u00d7\u0153 \u00d7\u00a7\u00d7\u2022\u00d7\u2018\u00d7\u00a5). <b>\u00d7\u0090\u00d7\u009d \u00d7\u2122\u00d7\u00a9 \u00d7\u0153\u00d7\u0161 \u00d7\u00a1\u00d7\u00a4\u00d7\u00a7 \u00d7\u2018\u00d7\u0090\u00d7\u2122\u00d7\u2013\u00d7\u201d \u00d7\u00a4\u00d7\u2022\u00d7\u00a8\u00d7\u017e\u00d7\u02dc \u00d7\u0153\u00d7\u2018\u00d7\u2014\u00d7\u2022\u00d7\u00a8, \u00d7\u203a\u00d7\u201c\u00d7\u0090\u00d7\u2122 \u00d7\u0153\u00d7\u2018\u00d7\u2014\u00d7\u2022\u00d7\u00a8 \u00d7\u2018\u00d6\u00be<span class=\"keys\">MP3<\/span>, \u00d7\u00a9\u00d7\u201d\u00d7\u2022\u00d7\u0090 \u00d7\u201d\u00d7\u00a0\u00d7\u00a4\u00d7\u2022\u00d7\u00a5 \u00d7\u2018\u00d7\u2122\u00d7\u2022\u00d7\u00aa\u00d7\u00a8.<\/b><\/p>\n<style>\n\ttable.archive td.issue {\n\t\ttext-align: center;\n\t\t\/* font-size: 1.5em; *\/\n\t\tfont-weight: bold;\n\t\tbackground: #E5E5E5;\n\t}\n\ttable.archive td.download {\n\t\ttext-align: left;\n\t\tbackground: #E5E5E5;\n\t}\n\ttable.archive td,th {\n\t\tpadding: 3px;\n\t\tborder: 1px #CCC solid;\n\t\tborder-collapse: collapse;\n\t\tbackground: #F0F0F0;\n\t\ttext-align: justify;\n\t\t\/* font-size: 1.25em; *\/\n\t}\t\n\ttable.archive th {\n\t\tbackground: #DDD;\n\t}\n\ttable.archive tr {\n\t\tborder-bottom: 4px #ccc solid;\n\t}\na.keys:hover {\n\ttext-decoration: none;\n\tcolor: #333;\t\n}\n.keys {\n\tcolor: #666;\n\tbackground-color: #DDD;\n\tfont: normal 95% Verdana, sans-serif;\n\ttext-align: center;\n\tborder-top: 1px solid #FFF;\n\tborder-left: 1px solid #FFF;\n\tborder-right: 1px solid #AAA;\n\tborder-bottom: 1px solid #AAA;\n\tpadding: .1em .2em;\n}\n.keys:hover {\n\tcolor: #555;\n\tbackground-color: #CCC;\n\tborder-top: 1px solid #FFF;\n\tborder-left: 1px solid #FFF;\n\tborder-right: 1px solid #999;\n\tborder-bottom: 1px solid #999;\n}\n<\/style>\n<table class=\"archive\">\n<tr>\n<th>\u00d7\u2019\u00d7\u0153\u00d7\u2122\u00d7\u2022\u00d7\u0178<\/th>\n<th>\u00d7\u02dc\u00d7\u00a7\u00d7\u00a1\u00d7\u02dc<\/th>\n<th>\u00d7\u201d\u00d7\u00a7\u00d7\u00a8\u00d7\u0090\u00d7\u201d<\/th>\n<th>\u00d7\u201d\u00d7\u2022\u00d7\u00a8\u00d7\u201c\u00d7\u201d<\/th>\n<\/tr>\n<tr>\n<td class=\"issue\" rowspan=4>1<br \/>(2010\/9)<\/td>\n<td>\u00d7\u017e\u00d7\u203a\u00d7\u00aa\u00d7\u2018 \u00d7\u017e\u00d7\u0090\u00d7\u00a8\u00d7\u203a\u00d7\u2122\u00d7\u2022\u00d7\u0178 \u00d7\u0090\u00d6\u00b4\u00d7\u0153\u00d6\u00b0\u00d7\u00aa\u00d6\u00b7\u00d6\u00bc\u00d7\u00a0\u00d6\u00b4 \u00d7\u017e\u00d7\u00aa\u00d7\u0153-\u00d7\u00a8\u00d6\u00b4\u00d7\u017e\u00d6\u00b7\u00d7\u2014 \/ \u00d7\u0153\u00d6\u00b7\u00d7\u017e\u00d6\u00b7\u00d7\u00a1\u00d6\u00b7\u00d6\u00bc\u00d7\u00a0\u00d6\u00b4 \u00d7\u017e\u00d7\u0090\u00d7\u00a9\u00d7\u2022\u00d7\u00a8; \u00d7\u017e\u00d7\u2018\u00d7\u2018\u00d7\u0153\u00d7\u2122\u00d7\u00aa \u00d7\u00a2\u00d7\u00aa\u00d7\u2122\u00d7\u00a7\u00d7\u201d: \u00d7\u00a7\u00d7\u00a8\u00d7\u0178 \u00d7\u017e\u00d7\u0153\u00d7\u00a6\u00d7\u00a8<\/td>\n<td><a href=\"http:\/\/eshrink.wordpress.com\/\">\u00d7\u00aa\u00d7\u017e\u00d7\u00a8<\/a> <a href=\"http:\/\/www.janivgm.com\/rip\/\">\u00d7\u017e\u00d7\u0153\u00d7\u2122\u00d7\u00a0\u00d7\u2022\u00d7\u2018\u00d7\u2122\u00d7\u00a5\u00d7\u00b3<\/a><\/td>\n<td class=\"download\">\n\t\t\t<a class=\"keys\" href=\"\/audio\/1\/audio-Babylonian.flac\">FLAC<\/a>&nbsp;<a class=\"keys\" href=\"\/audio\/1\/audio-Babylonian.ogg\">Vorbis<\/a>&nbsp;<a class=\"keys\" href=\"\/audio\/1\/audio-Babylonian.mp3\">MP3<\/a>\n\t\t<\/td>\n<\/tr>\n<tr>\n<td>\u00d7\u0090\u00d6\u00b1\u00d7\u017e\u00d6\u00b8\u00d7\u0090\u00d7\u00aa\u00d6\u00b0\u00d7\u2122\u00d6\u00b7\u00d7\u0090 (\u00d7\u2018\u00d7\u0178 \u00d7\u2122\u00d7\u2014\u00d7\u2122\u00d7\u201c); \u00d7\u017e\u00d7\u00a6\u00d7\u00b3\u00d7\u2014\u00d7\u0090: \u00d7\u2122\u00d7\u00a2\u00d7\u00a8 \u00d7\u2014\u00d7\u2018\u00d7\u00a8<\/td>\n<td><a href=\"http:\/\/www.janivgm.com\/blog\/\">\u00d7\u2122\u00d7\u00a0\u00d7\u2122\u00d7\u2018<\/a> <a href=\"http:\/\/www.janivgm.com\/manners\/\">\u00d7\u2019\u00d7\u2018\u00d7\u0090\u00d7\u2122<\/a>&#8211;<a href=\"http:\/\/www.janivgm.com\/rip\/\">\u00d7\u017e\u00d7\u2122\u00d7\u0153\u00d7\u00a8<\/a><\/td>\n<td class=\"download\">\n\t\t\t<a class=\"keys\" href=\"\/audio\/1\/audio-Chaha.flac\">FLAC<\/a>&nbsp;<a class=\"keys\" href=\"\/audio\/1\/audio-Chaha.ogg\">Vorbis<\/a>&nbsp;<a class=\"keys\" href=\"\/audio\/1\/audio-Chaha.mp3\">MP3<\/a>\n\t\t<\/td>\n<\/tr>\n<tr>\n<td>\u00d7\u017e\u00d7\u00a6\u00d7\u2122\u00d7\u0153\u00d6\u00be\u00d7\u00a0\u00d7\u00a4\u00d7\u00a9 \/ \u00d7\u0090\u00d7\u0153\u00d7\u2122 \u00d7\u00a1\u00d7\u2018\u00d7\u201d\u00d7\u02dc\u00d7\u2122\u00d7\u0178; \u00d7\u017e\u00d7\u02dc\u00d7\u2022\u00d7\u00a8\u00d7\u00a7\u00d7\u2122\u00d7\u00aa: \u00d7\u00a9\u00d7\u00a8\u00d7\u2022\u00d7\u0178 \u00d7\u00a9.<\/td>\n<td><a href=\"http:\/\/www.janivgm.com\/blog\/\">\u00d7\u2122\u00d7\u00a0\u00d7\u2122\u00d7\u2018<\/a> <a href=\"http:\/\/www.janivgm.com\/manners\/\">\u00d7\u2019\u00d7\u2018\u00d7\u0090\u00d7\u2122<\/a>&#8211;<a href=\"http:\/\/www.janivgm.com\/rip\/\">\u00d7\u017e\u00d7\u2122\u00d7\u0153\u00d7\u00a8<\/a><\/td>\n<td>\n<table>\n<tr>\n<td>1<\/td>\n<td class=\"download\">\n\t\t\t\t\t\t<a class=\"keys\" href=\"\/audio\/1\/audio-Turkish-1.flac\">FLAC<\/a>&nbsp;<a class=\"keys\" href=\"\/audio\/1\/audio-Turkish-1.ogg\">Vorbis<\/a>&nbsp;<a class=\"keys\" href=\"\/audio\/1\/audio-Turkish-1.mp3\">MP3<\/a>\n\t\t\t\t\t<\/td>\n<\/tr>\n<tr>\n<td>2<\/td>\n<td class=\"download\">\n\t\t\t\t\t\t<a class=\"keys\" href=\"\/audio\/1\/audio-Turkish-2.flac\">FLAC<\/a>&nbsp;<a class=\"keys\" href=\"\/audio\/1\/audio-Turkish-2.ogg\">Vorbis<\/a>&nbsp;<a class=\"keys\" href=\"\/audio\/1\/audio-Turkish-2.mp3\">MP3<\/a>\n\t\t\t\t\t<\/td>\n<\/tr>\n<tr>\n<td>3<\/td>\n<td class=\"download\">\n\t\t\t\t\t\t<a class=\"keys\" href=\"\/audio\/1\/audio-Turkish-3.flac\">FLAC<\/a>&nbsp;<a class=\"keys\" href=\"\/audio\/1\/audio-Turkish-3.ogg\">Vorbis<\/a>&nbsp;<a class=\"keys\" href=\"\/audio\/1\/audio-Turkish-3.mp3\">MP3<\/a>\n\t\t\t\t\t<\/td>\n<\/tr>\n<\/table>\n<\/td>\n<\/tr>\n<tr>\n<td>\u00d7\u0090\u00d7\u201c\u00d7\u2022\u00d7\u0178 \u00e2\u20ac\u009d\u00d7\u00a8\u00d7\u0090\u00d7\u00a9\u00d6\u00be\u00d7\u017e\u00d7\u0153\u00d7\u2022\u00d7\u0178\u00e2\u20ac\u0153 \/ \u00d7\u2122\u00d7\u2022\u00d7\u0153\u00d7\u2122\u00d7\u2022 \u00d7\u2018\u00d7\u0090\u00d7\u2019\u00d7\u2122; \u00d7\u017e\u00d7\u0090\u00d7\u00a1\u00d7\u00a4\u00d7\u00a8\u00d7\u00a0\u00d7\u02dc\u00d7\u2022: \u00d7\u00a9\u00d7\u0090\u00d7\u2022\u00d7\u0153 \u00d7\u00a9\u00d7\u017e\u00d7\u00a8<\/td>\n<td><a href=\"http:\/\/www.janivgm.com\/blog\/\">\u00d7\u2122\u00d7\u00a0\u00d7\u2122\u00d7\u2018<\/a> <a href=\"http:\/\/www.janivgm.com\/manners\/\">\u00d7\u2019\u00d7\u2018\u00d7\u0090\u00d7\u2122<\/a>&#8211;<a href=\"http:\/\/www.janivgm.com\/rip\/\">\u00d7\u017e\u00d7\u2122\u00d7\u0153\u00d7\u00a8<\/a><\/td>\n<td>\n<table>\n<tr>\n<td>1<\/td>\n<td class=\"download\">\n\t\t\t\t\t\t<a class=\"keys\" href=\"\/audio\/1\/audio-Esperanto-1.flac\">FLAC<\/a>&nbsp;<a class=\"keys\" href=\"\/audio\/1\/audio-Esperanto-1.ogg\">Vorbis<\/a>&nbsp;<a class=\"keys\" href=\"\/audio\/1\/audio-Esperanto-1.mp3\">MP3<\/a>\n\t\t\t\t\t<\/td>\n<\/tr>\n<tr>\n<td>2<\/td>\n<td class=\"download\">\n\t\t\t\t\t\t<a class=\"keys\" href=\"\/audio\/1\/audio-Esperanto-2.flac\">FLAC<\/a>&nbsp;<a class=\"keys\" href=\"\/audio\/1\/audio-Esperanto-2.ogg\">Vorbis<\/a>&nbsp;<a class=\"keys\" href=\"\/audio\/1\/audio-Esperanto-2.mp3\">MP3<\/a>\n\t\t\t\t\t<\/td>\n<\/tr>\n<tr>\n<td>3<\/td>\n<td class=\"download\">\n\t\t\t\t\t\t<a class=\"keys\" href=\"\/audio\/1\/audio-Esperanto-3.flac\">FLAC<\/a>&nbsp;<a class=\"keys\" href=\"\/audio\/1\/audio-Esperanto-3.ogg\">Vorbis<\/a>&nbsp;<a class=\"keys\" href=\"\/audio\/1\/audio-Esperanto-3.mp3\">MP3<\/a>\n\t\t\t\t\t<\/td>\n<\/tr>\n<\/table>\n<\/td>\n<\/tr>\n<\/table>\n<p>&nbsp;<\/p>\n<p>\u00d7\u201d\u00d7\u2019\u00d7\u00a8\u00d7\u00a1\u00d7\u201d \u00d7\u201d\u00d7\u017e\u00d7\u2022\u00d7\u00a7\u00d7\u0153\u00d7\u02dc\u00d7\u00aa \u00d7\u2122\u00d7\u203a\u00d7\u2022\u00d7\u0153\u00d7\u201d \u00d7\u2019\u00d7\u009d \u00d7\u0153\u00d7\u00a2\u00d7\u2013\u00d7\u2022\u00d7\u00a8 \u00d7\u0153\u00d7\u0090\u00d7\u00a0\u00d7\u00a9\u00d7\u2122\u00d7\u009d \u00d7\u00a2\u00d7\u009d \u00d7\u00a7\u00d7\u00a9\u00d7\u2122\u00d7\u2122\u00d7\u009d \u00d7\u2018\u00d7\u00a8\u00d7\u0090\u00d7\u2122\u00d7\u201d \u00d7\u0153\u00d7\u201d\u00d7\u00a0\u00d7\u2022\u00d7\u00aa \u00d7\u017e\u00d7\u2018\u00d7\u2018\u00d7\u0153. \u00d7\u0090\u00d7\u009d \u00d7\u0090\u00d7\u00aa\u00d7\u009d \u00d7\u017e\u00d7\u00a2\u00d7\u2022\u00d7\u00a0\u00d7\u2122\u00d7\u2122\u00d7\u00a0\u00d7\u2122\u00d7\u009d \u00d7\u2018\u00d7\u201d\u00d7\u201c\u00d7\u00a4\u00d7\u00a1\u00d7\u201d \u00d7\u2018\u00d7\u0090\u00d7\u2022\u00d7\u00aa\u00d7\u2122\u00d7\u2022\u00d7\u00aa \u00d7\u2019\u00d7\u201c\u00d7\u2022\u00d7\u0153\u00d7\u2022\u00d7\u00aa, \u00d7\u00a6\u00d7\u00a8\u00d7\u2022 \u00d7\u0090\u00d7\u2122\u00d7\u00aa\u00d7\u2122 \u00d7\u00a7\u00d7\u00a9\u00d7\u00a8 \u00d7\u2022\u00d7\u0090\u00d7\u203a\u00d7\u2122\u00d7\u0178 \u00d7\u0153\u00d7\u203a\u00d7\u009d \u00d7\u00a2\u00d7\u2022\u00d7\u00aa\u00d7\u00a7. \u00d7\u0090\u00d7\u00aa \u00d7\u201d\u00d7\u00a2\u00d7\u2022\u00d7\u00aa\u00d7\u00a7 \u00d7\u201d\u00d7\u017e\u00d7\u017e\u00d7\u2022\u00d7\u2014\u00d7\u00a9\u00d7\u2018 \u00d7\u0090\u00d7\u00a4\u00d7\u00a9\u00d7\u00a8 \u00d7\u0153\u00d7\u201d\u00d7\u00a6\u00d7\u2122\u00d7\u2019 \u00d7\u2018\u00d7\u0090\u00d7\u2022\u00d7\u00aa\u00d7\u2122\u00d7\u2022\u00d7\u00aa \u00d7\u2019\u00d7\u201c\u00d7\u2022\u00d7\u0153\u00d7\u2022\u00d7\u00aa.<br \/>\n\u00d7\u203a\u00d7\u00a9\u00d7\u2122\u00d7\u201d\u00d7\u2122\u00d7\u2022 \u00d7\u017e\u00d7\u00a1\u00d7\u00a4\u00d7\u2122\u00d7\u00a7 \u00d7\u201d\u00d7\u00a7\u00d7\u0153\u00d7\u02dc\u00d7\u2022\u00d7\u00aa, \u00d7\u0090\u00d7\u00a6\u00d7\u2022\u00d7\u00a8 \u00d7\u00a7\u00d7\u00a9\u00d7\u00a8 \u00d7\u00a2\u00d7\u009d <a href=\"http:\/\/he.wikipedia.org\/wiki\/%D7%94%D7%A1%D7%A4%D7%A8%D7%99%D7%99%D7%94_%D7%94%D7%9E%D7%A8%D7%9B%D7%96%D7%99%D7%AA_%D7%9C%D7%A2%D7%99%D7%95%D7%95%D7%A8%D7%99%D7%9D_%D7%9B%D7%91%D7%93%D7%99_%D7%A8%D7%90%D7%99%D7%99%D7%94_%D7%95%D7%9E%D7%95%D7%92%D7%91%D7%9C%D7%99%D7%9D\">\u00d7\u201d\u00d7\u00a1\u00d7\u00a4\u00d7\u00a8\u00d7\u2122\u00d7\u2122\u00d7\u201d \u00d7\u201d\u00d7\u017e\u00d7\u00a8\u00d7\u203a\u00d7\u2013\u00d7\u2122\u00d7\u00aa \u00d7\u0153\u00d7\u00a2\u00d7\u2122\u00d7\u2022\u00d7\u2022\u00d7\u00a8\u00d7\u2122\u00d7\u009d, \u00d7\u203a\u00d7\u2018\u00d7\u201c\u00d7\u2122\u00d6\u00be\u00d7\u00a8\u00d7\u0090\u00d7\u2122\u00d7\u2122\u00d7\u201d \u00d7\u2022\u00d7\u017e\u00d7\u2022\u00d7\u2019\u00d7\u2018\u00d7\u0153\u00d7\u2122\u00d7\u009d<\/a>.<\/p>\n<h2>\u00d7\u201d\u00d7\u00a7\u00d7\u0153\u00d7\u02dc\u00d7\u00aa \u00d7\u02dc\u00d7\u00a7\u00d7\u00a1\u00d7\u02dc \u00d7\u0153\u00d7\u2018\u00d7\u2018\u00d7\u0153<\/h2>\n<p>\u00d7\u0153\u00d7\u00a4\u00d7\u00a0\u00d7\u2122 \u00d7\u201d\u00d7\u203a\u00d7\u0153, \u00d7\u00aa\u00d7\u2022\u00d7\u201c\u00d7\u201d!<\/p>\n<p>\u00d7\u201d\u00d7\u201c\u00d7\u00a8\u00d7\u203a\u00d7\u201d, \u00d7\u017e\u00d7\u2122\u00d7\u201c\u00d7\u00a2 \u00d7\u2022\u00d7\u00a2\u00d7\u00a6\u00d7\u2022\u00d7\u00aa \u00d7\u0153\u00d7\u2019\u00d7\u2018\u00d7\u2122 \u00d7\u0090\u00d7\u2022\u00d7\u00a4\u00d7\u0178 \u00d7\u201d\u00d7\u201d\u00d7\u00a7\u00d7\u0153\u00d7\u02dc\u00d7\u201d \u00d7\u00aa\u00d7\u2022\u00d7\u203a\u00d7\u0153\u00d7\u2022 \u00d7\u0153\u00d7\u017e\u00d7\u00a6\u00d7\u2022\u00d7\u0090 <a href=\"http:\/\/librivox.org\/about-recording\/\">\u00d7\u203a\u00d7\u0090\u00d7\u0178<\/a>.<\/p>\n<p>\u00d7\u203a\u00d7\u00aa\u00d7\u2018\u00d7\u2022 <a href=\"?page_id=2\">\u00d7\u0090\u00d7\u0153\u00d7\u2122<\/a> \u00d7\u201c\u00d7\u2022\u00d7\u0090\u00d7\u0153 \u00d7\u203a\u00d7\u201c\u00d7\u2122 \u00d7\u0153\u00d7\u00a7\u00d7\u2018\u00d7\u0153 \u00d7\u02dc\u00d7\u00a7\u00d7\u00a1\u00d7\u02dc\u00d7\u2122\u00d7\u009d \u00d7\u00a2\u00d7\u2018\u00d7\u2022\u00d7\u00a8 \u00d7\u201d\u00d7\u2019\u00d7\u0153\u00d7\u2122\u00d7\u2022\u00d7\u0178 \u00d7\u201d\u00d7\u2018\u00d7\u0090. \u00d7\u0090\u00d7\u00a6\u00d7\u2022\u00d7\u00a8 \u00d7\u0090\u00d7\u00aa\u00d7\u203a\u00d7\u009d \u00d7\u00a7\u00d7\u00a9\u00d7\u00a8 \u00d7\u0153\u00d7\u2019\u00d7\u2018\u00d7\u2122 \u00d7\u0090\u00d7\u2022\u00d7\u00a4\u00d7\u0178 \u00d7\u201d\u00d7\u00a9\u00d7\u0153\u00d7\u2122\u00d7\u2014\u00d7\u201d \u00d7\u00a9\u00d7\u0153 \u00d7\u00a7\u00d7\u2018\u00d7\u00a6\u00d7\u2122 \u00d7\u201d\u00d7\u0090\u00d7\u2022\u00d7\u201c\u00d7\u2122\u00d7\u2022.<\/p>\n<p>\u00d7\u0090\u00d7\u00a9\u00d7\u017e\u00d7\u2014 \u00d7\u0153\u00d7\u00a2\u00d7\u2013\u00d7\u2022\u00d7\u00a8 \u00d7\u2018\u00d7\u203a\u00d7\u0153 \u00d7\u00a9\u00d7\u0090\u00d7\u0153\u00d7\u201d \u00d7\u0090\u00d7\u2022 \u00d7\u2018\u00d7\u00a2\u00d7\u2122\u00d7\u201d \u00d7\u02dc\u00d7\u203a\u00d7\u00a0\u00d7\u2122\u00d7\u00aa.<\/p>\n<h2>\u00d7\u00a8\u00d7\u201c\u00d7\u2122\u00d7\u2022<\/h2>\n<p>\u00d7\u2018\u00d7\u00a0\u00d7\u2022\u00d7\u2018\u00d7\u017e\u00d7\u2018\u00d7\u00a8 2010 \u00d7\u00a9\u00d7\u2022\u00d7\u201c\u00d7\u00a8\u00d7\u201d \u00d7\u00aa\u00d7\u2022\u00d7\u203a\u00d7\u00a0\u00d7\u2122\u00d7\u00aa \u00d7\u00a2\u00d7\u0153 \u00d7\u203a\u00d7\u00aa\u00d7\u2018\u00d6\u00be\u00d7\u201d\u00d7\u00a2\u00d7\u00aa &#8216;<a href=\"http:\/\/ha-pinkas.co.il\/\">\u00d7\u201d\u00d7\u00a4\u00d7\u00a0\u00d7\u00a7\u00d7\u00a1<\/a>&#8216; \u00d7\u2022\u00d7\u2018\u00d7\u2018\u00d7\u0153 \u00d7\u2018&#8217;\u00d7\u2018\u00d7\u00a1\u00d7\u2122\u00d7\u017e\u00d7\u0178 \u00d7\u00a7\u00d7\u00a8\u00d7\u2122\u00d7\u0090\u00d7\u201d&#8217; \u00d7\u2018<a href=\"http:\/\/www.iba.org.il\/aleph\/\">\u00d7\u00a8\u00d7\u00a9\u00d7\u00aa \u00d7\u0090\u00d7\u00b3<\/a>, \u00d7\u2018\u00d7\u00a2\u00d7\u00a8\u00d7\u2122\u00d7\u203a\u00d7\u00aa \u00d7\u0090\u00d7\u00a4\u00d7\u00a8\u00d7\u00aa \u00d7\u2018\u00d7\u2013\u00d7\u00a8\u00d7\u00a7\u00d7\u2022\u00d7\u0178. \u00d7\u0090\u00d7\u00aa\u00d7\u009d \u00d7\u017e\u00d7\u2022\u00d7\u2013\u00d7\u017e\u00d7\u00a0\u00d7\u2122\u00d7\u009d \u00d7\u0153\u00d7\u201d\u00d7\u00a7\u00d7\u00a9\u00d7\u2122\u00d7\u2018 \u00d7\u0153\u00d7\u201d\u00d7\u00a7\u00d7\u0153\u00d7\u02dc\u00d7\u201d \u00d7\u00a9\u00d7\u0153 \u00d7\u201d\u00d7\u00aa\u00d7\u2022\u00d7\u203a\u00d7\u00a0\u00d7\u2122\u00d7\u00aa <a href=\"?p=42\">\u00d7\u203a\u00d7\u0090\u00d7\u0178<\/a>.<br \/>\n\u00d7\u00a7\u00d7\u2122\u00d7\u00a9\u00d7\u2022\u00d7\u00a8\u00d7\u2122\u00d7\u009d \u00d7\u2122\u00d7\u00a9\u00d7\u2122\u00d7\u00a8\u00d7\u2122\u00d7\u009d: \u00d7\u0081<a class=\"keys\" href=\"\/audio\/besimankria.ogg\">Vorbis<\/a>&nbsp;<a class=\"keys\" href=\"\/audio\/besimankria.mp3\">MP3<\/a>. \u00d7\u203a\u00d7\u017e\u00d7\u2022 \u00d7\u2018\u00d7\u02dc\u00d7\u00a7\u00d7\u00a1\u00d7\u02dc\u00d7\u2122\u00d7\u009d \u00d7\u201d\u00d7\u017e\u00d7\u2022\u00d7\u00a7\u00d7\u00a8\u00d7\u0090\u00d7\u2122\u00d7\u009d, \u00d7\u0090\u00d7\u009d \u00d7\u2122\u00d7\u00a9 \u00d7\u0153\u00d7\u0161 \u00d7\u00a1\u00d7\u00a4\u00d7\u00a7 \u00d7\u2018\u00d7\u0090\u00d7\u2122\u00d7\u2013\u00d7\u201d \u00d7\u00a4\u00d7\u2022\u00d7\u00a8\u00d7\u017e\u00d7\u02dc \u00d7\u0153\u00d7\u2018\u00d7\u2014\u00d7\u2022\u00d7\u00a8, \u00d7\u203a\u00d7\u201c\u00d7\u0090\u00d7\u2122 \u00d7\u0153\u00d7\u2018\u00d7\u2014\u00d7\u2022\u00d7\u00a8 \u00d7\u2018\u00d6\u00be<a class=\"keys\" href=\"\/audio\/besimankria.mp3\">MP3<\/a>, \u00d7\u00a9\u00d7\u201d\u00d7\u2022\u00d7\u0090 \u00d7\u201d\u00d7\u00a0\u00d7\u00a4\u00d7\u2022\u00d7\u00a5 \u00d7\u2018\u00d7\u2122\u00d7\u2022\u00d7\u00aa\u00d7\u00a8.<\/p>\n","protected":false},"excerpt":{"rendered":"<p>\u00d7\u201d\u00d7\u0090\u00d7\u2013\u00d7\u00a0\u00d7\u201d \u00d7\u0153\u00d7\u201d\u00d7\u00a7\u00d7\u0153\u00d7\u02dc\u00d7\u2022\u00d7\u00aa \u00d7\u2018\u00d7\u00a0\u00d7\u2022\u00d7\u00a1\u00d7\u00a3 \u00d7\u0153\u00d7\u00a6\u00d7\u2022\u00d7\u00a8\u00d7\u201d \u00d7\u201d\u00d7\u203a\u00d7\u00aa\u00d7\u2022\u00d7\u2018\u00d7\u201d \u00d7\u00a9\u00d7\u0153\u00d7\u201d\u00d7\u009d, \u00d7\u201d\u00d7\u02dc\u00d7\u00a7\u00d7\u00a1\u00d7\u02dc\u00d7\u2122\u00d7\u009d \u00d7\u00a9\u00d7\u2018\u00d7\u203a\u00d7\u0153 \u00d7\u2019\u00d7\u0153\u00d7\u2122\u00d7\u2022\u00d7\u0178 \u00d7\u017e\u00d7\u2022\u00d7\u00a7\u00d7\u0153\u00d7\u02dc\u00d7\u2122\u00d7\u009d \u00d7\u2018\u00d7\u201d\u00d7\u00a7\u00d7\u00a8\u00d7\u0090\u00d7\u201d \u00d7\u201c\u00d7\u00a8\u00d7\u017e\u00d7\u02dc\u00d7\u2122\u00d7\u00aa. \u00d7\u2013\u00d7\u0090\u00d7\u00aa \u00d7\u0090\u00d7\u2022\u00d7\u017e\u00d7\u00a0\u00d7\u2022\u00d7\u00aa \u00d7\u2122\u00d7\u00a4\u00d7\u201d, \u00d7\u00a9\u00d7\u00a0\u00d7\u2022\u00d7\u00a9\u00d7\u00a7\u00d7\u00aa \u00d7\u0153\u00d7\u00a1\u00d7\u2122\u00d7\u00a4\u00d7\u2022\u00d7\u00a8\u00d6\u00be\u00d7\u00a1\u00d7\u2122\u00d7\u00a4\u00d7\u2022\u00d7\u00a8\u00d7\u2122\u00d7\u009d (storytelling), \u00d7\u2022\u00d7\u203a\u00d7\u00a9\u00d7\u00a2\u00d7\u2022\u00d7\u00a9\u00d7\u2122\u00d7\u009d \u00d7\u0090\u00d7\u2022\u00d7\u00aa\u00d7\u201d \u00d7\u203a\u00d7\u00a8\u00d7\u0090\u00d7\u2022\u00d7\u2122 (\u00d7\u203a\u00d7\u017e\u00d7\u2022 \u00d7\u2018\u00d7\u201d\u00d7\u00a7\u00d7\u0153\u00d7\u02dc\u00d7\u2022\u00d7\u00aa \u00d7\u0153\u00d7\u017e\u00d7\u02dc\u00d7\u201d) \u00d7\u201d\u00d7\u2122\u00d7\u0090 \u00d7\u017e\u00d7\u2022\u00d7\u00a1\u00d7\u2122\u00d7\u00a4\u00d7\u201d \u00d7\u00aa\u00d7\u2022\u00d7\u00a1\u00d7\u00a4\u00d7\u00aa \u00d7\u2122\u00d7\u2014\u00d7\u2022\u00d7\u201c\u00d7\u2122\u00d7\u00aa, \u00d7\u00a7\u00d7\u00a8\u00d7\u2122\u00d7\u0090\u00d7\u201d (\u00d7\u2018\u00d7\u00a9\u00d7\u00a0\u00d7\u2122 \u00d7\u201d\u00d7\u017e\u00d7\u2022\u00d7\u2018\u00d7\u00a0\u00d7\u2122\u00d7\u009d) \u00d7\u0090\u00d7\u2122\u00d7\u00a9\u00d7\u2122\u00d7\u00aa \u00d7\u00a9\u00d7\u0153 \u00d7\u201d\u00d7\u02dc\u00d7\u00a7\u00d7\u00a1\u00d7\u02dc, \u00d7\u00a9\u00d7\u017e\u00d7\u00a4\u00d7\u00a1\u00d7\u2122\u00d7\u00a7 \u00d7\u0153\u00d7\u201d\u00d7\u2122\u00d7\u2022\u00d7\u00aa \u00d7\u201c\u00d7\u2022\u00d7\u017e\u00d7\u009d. \u00d7\u201d\u00d7\u201d\u00d7\u00a7\u00d7\u0153\u00d7\u02dc\u00d7\u2022\u00d7\u00aa \u00d7\u2013\u00d7\u017e\u00d7\u2122\u00d7\u00a0\u00d7\u2022\u00d7\u00aa \u00d7\u0153\u00d7\u201d\u00d7\u2022\u00d7\u00a8\u00d7\u201c\u00d7\u201d \u00d7\u2018\u00d7\u00a9\u00d7\u0153\u00d7\u2022\u00d7\u00a9\u00d7\u201d \u00d7\u00a4\u00d7\u2022\u00d7\u00a8\u00d7\u017e\u00d7\u02dc\u00d7\u2122\u00d7\u009d. \u00d7\u0090\u00d7\u2122\u00d7\u0161 \u00d7\u0153\u00d7\u2018\u00d7\u2014\u00d7\u2022\u00d7\u00a8? \u00d7\u00a4\u00d7\u2022\u00d7\u00a8\u00d7\u017e\u00d7\u02dc FLAC \u00d7\u00a9\u00d7\u2022\u00d7\u017e\u00d7\u00a8 \u00d7\u00a2\u00d7\u0153 \u00d7\u0090\u00d7\u2122\u00d7\u203a\u00d7\u2022\u00d7\u00aa \u00d7\u201d\u00d7\u201d\u00d7\u00a7\u00d7\u0153\u00d7\u02dc\u00d7\u201d \u00d7\u201d\u00d7\u017e\u00d7\u00a7\u00d7\u2022\u00d7\u00a8\u00d7\u2122\u00d7\u00aa (\u00d7\u2018\u00d7\u2022\u00d7\u00a8 \u00d7\u00a1\u00d7\u2022\u00d7\u201c, \u00d7\u00a9\u00d7\u0090\u00d7\u2122\u00d7\u00a0\u00d7\u2022 \u00d7\u017e\u00d7\u0090\u00d7\u2018\u00d7\u201c [&hellip;]<\/p>\n","protected":false},"author":1,"featured_media":0,"parent":0,"menu_order":3,"comment_status":"open","ping_status":"open","template":"","meta":[],"_links":{"self":[{"href":"https:\/\/bbl.digitalwords.net\/index.php?rest_route=\/wp\/v2\/pages\/29"}],"collection":[{"href":"https:\/\/bbl.digitalwords.net\/index.php?rest_route=\/wp\/v2\/pages"}],"about":[{"href":"https:\/\/bbl.digitalwords.net\/index.php?rest_route=\/wp\/v2\/types\/page"}],"author":[{"embeddable":true,"href":"https:\/\/bbl.digitalwords.net\/index.php?rest_route=\/wp\/v2\/users\/1"}],"replies":[{"embeddable":true,"href":"https:\/\/bbl.digitalwords.net\/index.php?rest_route=%2Fwp%2Fv2%2Fcomments&post=29"}],"version-history":[{"count":0,"href":"https:\/\/bbl.digitalwords.net\/index.php?rest_route=\/wp\/v2\/pages\/29\/revisions"}],"wp:attachment":[{"href":"https:\/\/bbl.digitalwords.net\/index.php?rest_route=%2Fwp%2Fv2%2Fmedia&parent=29"}],"curies":[{"name":"wp","href":"https:\/\/api.w.org\/{rel}","templated":true}]}}